What is the remainder when 205465 is divided by 25577?
849
What is the remainder when 281675 is divided by 140830?
15
Calculate the remainder when 1158781 is divided by 109.
2
Calculate the remainder when 12422207 is divided by 15.
2
What is the remainder when 32497115 is divided by 5?
0
Calculate the remainder when 21685230 is divided by 152.
150
Calculate the remainder when 59362468 is divided by 1855077.
4
Calculate the remainder when 7745626 is divided by 8903.
16
Calculate the remainder when 8209596 is divided by 3061.
3055
Calculate the remainder when 22351648 is divided by 75.
73
Calculate the remainder when 1863612 is divided by 1268.
920
What is the remainder when 170389742 is divided by 1858?
1852
Calculate the remainder when 109431779 is divided by 376.
363
Calculate the remainder when 3654069 is divided by 243596.
129
Calculate the remainder when 112446736 is divided by 2118.
2116
What is the remainder when 312832 is divided by 34588?
1540
Calculate the remainder when 4491498 is divided by 3933.
12
What is the remainder when 1260165 is divided by 183?
27
What is the remainder when 8054478 is divided by 335597?
150
Calculate the remainder when 462944 is divided by 6909.
41
Calculate the remainder when 163733 is divided by 19603.
6909
Calculate the remainder when 2912360 is divided by 714.
668
Calculate the remainder when 1811993 is divided by 603976.
65
What is the remainder when 1443838 is divided by 721912?
14
What is the remainder when 129068 is divided by 411?
14
Calculate the remainder when 616165 is divided by 378.
25
Calculate the remainder when 183434 is divided by 728.
706
Calculate the remainder when 4673498 is divided by 1557808.
74
What is the remainder when 60423080 is divided by 81?
77
What is the remainder when 53240 is divided by 632?
152
Calculate the remainder when 1219635 is divided by 22175.
10
What is the remainder when 33025556 is divided by 37?
22
Calculate the remainder when 26688 is divided by 12639.
1410
What is the remainder when 434901 is divided by 358?
289
Calculate the remainder when 12756956 is divided by 12756954.
2
Calculate the remainder when 21855507 is divided by 342.
339
Calculate the remainder when 85658 is divided by 624.
170
Calculate the remainder when 1177789 is divided by 2252.
2245
Calculate the remainder when 4887920 is divided by 595.
590
Calculate the remainder when 84515 is divided by 42189.
137
Calculate the remainder when 450254787 is divided by 2969.
2968
Calculate the remainder when 10670014 is divided by 5334897.
220
What is the remainder when 415553 is divided by 15?
8
What is the remainder when 28221 is divided by 3511?
133
What is the remainder when 32877 is divided by 256?
109
What is the remainder when 8529238 is divided by 866?
4
Calculate the remainder when 15680 is divided by 1507.
610
What is the remainder when 395657118 is divided by 20?
18
Calculate the remainder when 39655 is divided by 6479.
781
Calculate the remainder when 63940 is divided by 21305.
25
Calculate the remainder when 407549 is divided by 1391.
1377
Calculate the remainder when 934793413 is divided by 23.
20
Calculate the remainder when 563862 is divided by 4739.
4660
What is the remainder when 42650308 is divided by 6?
4
What is the remainder when 89545 is divided by 89426?
119
What is the remainder when 32895110 is divided by 4699301?
3
What is the remainder when 101164403 is divided by 2134?
2133
What is the remainder when 82826 is divided by 1428?
2
Calculate the remainder when 5637930 is divided by 2818952.
26
What is the remainder when 81054122 is divided by 2626?
6
Calculate the remainder when 23237 is divided by 3803.
419
What is the remainder when 11136836 is divided by 3432?
3428
Calculate the remainder when 287180 is divided by 287134.
46
Calculate the remainder when 2002071 is divided by 28198.
13
What is the remainder when 1745180 is divided by 290861?
14
Calculate the remainder when 201838868 is divided by 1336.
1332
Calculate the remainder when 3883655 is divided by 10879.
10731
What is the remainder when 18455848 is divided by 51?
19
What is the remainder when 1504006 is divided by 891?
889
What is the remainder when 55624 is divided by 27387?
850
Calculate the remainder when 416139 is divided by 680.
659
What is the remainder when 466942 is divided by 5429?
48
Calculate the remainder when 15550347 is divided by 15550278.
69
What is the remainder when 1761432 is divided by 1871?
821
What is the remainder when 6602738 is divided by 3608?
98
What is the remainder when 2360941 is divided by 1085?
1066
Calculate the remainder when 100107 is divided by 44394.
11319
Calculate the remainder when 84563 is divided by 5280.
83
Calculate the remainder when 613442 is divided by 87534.
704
Calculate the remainder when 34352 is divided by 5652.
440
Calculate the remainder when 11806898 is divided by 74.
50
What is the remainder when 96883209 is divided by 13918?
11
Calculate the remainder when 783802 is divided by 55.
52
What is the remainder when 131550414 is divided by 521?
519
What is the remainder when 85898452 is divided by 39?
16
Calculate the remainder when 597124 is divided by 49732.
340
What is the remainder when 17871 is divided by 15601?
2270
What is the remainder when 23022769 is divided by 10?
9
What is the remainder when 223492 is divided by 128?
4
Calculate the remainder when 6643176 is divided by 403.
124
Calculate the remainder when 1304470089 is divided by 1506.
1503
What is the remainder when 222027 is divided by 94?
93
Calculate the remainder when 70614993 is divided by 1308.
1305
Calculate the remainder when 277332 is divided by 69278.
220
Calculate the remainder when 9157859 is divided by 81.
80
What is the remainder when 383168 is divided by 5?
3
What is the remainder when 10036895 is divided by 112774?
9
What is the remainder when 545817 is divided by 272516?
785
What is the remainder when 2594066 is divided by 38?
34
What is the remainder when 2827378 is divided by 205?
18
Calculate the remainder when 385382 is divided by 9695.
7277
Calculate the remainder when 478821 is divided by 885.
36
What is the remainder when 18698 is divided by 6229?
11
What is the remainder when 28544207 is divided by 257?
245
What is the remainder when 59042 is divided by 5665?
2392
What is the remainder when 38782 is divided by 1190?
702
What is the remainder when 17648665 is divided by 35?
20
What is the remainder when 23278963 is divided by 23278922?
41
What is the remainder when 448513150 is divided by 128?
126
Calculate the remainder when 9777857 is divided by 1376.
1
Calculate the remainder when 30984 is divided by 34.
10
Calculate the remainder when 24158118 is divided by 2371.
2370
What is the remainder when 226455 is divided by 191?
120
What is the remainder when 248988 is divided by 1270?
68
Calculate the remainder when 16230552 is divided by 33.
30
Calculate the remainder when 47657 is divided by 1170.
857
Calculate the remainder when 2827974 is divided by 272.
262
What is the remainder when 4652933 is divided by 36928?
5
Calculate the remainder when 13092832 is divided by 147.
130
What is the remainder when 5607186 is divided by 1869062?
0
What is the remainder when 163068 is divided by 4529?
24
Calculate the remainder when 93152381 is divided by 280.
21
What is the remainder when 180623 is divided by 97?
9
What is the remainder when 8040 is divided by 1280?
360
Calculate the remainder when 23668 is divided by 572.
216
What is the remainder when 345364 is divided by 167702?
9960
What is the remainder when 23704716 is divided by 7901565?
21
Calculate the remainder when 443352989 is divided by 446.
445
Calculate the remainder when 2127007 is divided by 53173.
87
What is the remainder when 322774 is divided by 5564?
62
What is the remainder when 389057 is divided by 193191?
2675
Calculate the remainder when 1178291147 is divided by 867.
866
What is the remainder when 69465985 is divided by 11206?
11197
Calculate the remainder when 4161780 is divided by 9569.
8834
Calculate the remainder when 2962362 is divided by 740585.
22
Calculate the remainder when 16458618 is divided by 384.
378
Calculate the remainder when 486731824 is divided by 101.
98
What is the remainder when 587443 is divide